y + 68*y = 368. Calculate the highest common factor of y and 23.
23
Let k(n) = -n**2 - 5*n + 8. Let d be k(-6). Calculate the highest common divisor of 2 and d.
2
Let c = -167 + 268. Suppose 3*q + c = 4*t, -4*t = -0*q + 5*q - 77. Calculate the highest common divisor of 23 and t.
23
Let h(a) = a + 2. Let x be h(0). Suppose 0 = -j - x*j + 2*v + 94, -4*j - 3*v = -97. What is the highest common divisor of j and 7?
7
Suppose 2*l = 3*t + 57, 5*l - 28 = 4*l + t. What is the highest common divisor of 18 and l?
9
Let m be (-1 + 0)/(13/(-208)). Calculate the greatest common divisor of 40 and m.
8
Let b be (3 - 28)*(-18)/15. Calculate the greatest common divisor of 6 and b.
6
Let t(p) = -p**3 + 9*p**2 + 4*p - 6. Let j be t(4). Let v = 12 - 6. Suppose 23 = -v*u + 239. What is the greatest common divisor of j and u?
18
Let d = -3 + 63. Let v = 92 + -52. What is the greatest common factor of d and v?
20
Suppose 3*k - 2*n = n + 78, -4*n = 5*k - 166. What is the highest common factor of 15 and k?
15
Suppose 3*k - 4*g - 297 = 0, -4*k - k + 495 = 3*g. Let o = -2 - -2. Suppose o*m - 18 = -2*m. What is the highest common divisor of m and k?
9
Suppose 3*q + o = -q + 67, 4*q + 3*o - 73 = 0. Calculate the highest common factor of q and 12.
4
Let m(f) = f**2 + 10*f. Let y be m(-11). What is the greatest common factor of 121 and y?
11
Let l = -3 - -5. Let y be 1208/5 + l/5. Suppose 2*o + 0*o - y = 0. Calculate the highest common divisor of o and 11.
11
Suppose -2*m = 2, 11 = o - 0*m - m. What is the greatest common factor of 25 and o?
5
Let a = -17 - -21. Calculate the highest common divisor of a and 44.
4
Let u = 6 + -2. Suppose 0 = m + 3*m - s - 335, u*s = 4*m - 332. Suppose -2*t + 26 - 2 = 0. Calculate the highest common divisor of t and m.
12
Suppose 0 = -2*b + b - 2. Let t be 87/6 - 1/b. What is the greatest common divisor of t and 6?
3
Let x(c) = -c**2 - 5*c + 10. Let q be x(-6). Calculate the greatest common factor of q and 44.
4
Let i = 9 + -4. Suppose 0 = -5*u + 3*q + 53, i*q + 6 = -0*u + 2*u. Let g = 53 - u. What is the greatest common divisor of 8 and g?
8
Suppose 0*f = -f. Suppose f = -0*m + 5*m. Suppose 0 = 3*n - m*n - 6. Calculate the greatest common factor of n and 3.
1
Suppose -o - 2*w - 3 = -2*o, -5*w + 64 = 3*o. What is the highest common factor of 65 and o?
13
Suppose -5*x - 35 = 3*v, 2*x - 2*v + 1 = 3. Let s(o) = o**2 + 2. Let b be s(x). Calculate the highest common factor of b and 72.
18
Let h = 18 + -16. Let a(x) = 8*x + 21. Let q(k) = 3*k + 7. Let y(p) = 4*a(p) - 11*q(p). Let v be y(4). Calculate the highest common factor of v and h.
1
Let c be 21/(-2)*8/(-6). Let g be 0 - (36 - (-5 + 2)). Let p = -25 - g. Calculate the greatest common factor of c and p.
14
Let z(t) be the third derivative of t**5/30 + t**4/24 + 3*t**2. Let d be z(-3). What is the highest common factor of 60 and d?
15
Suppose 3*h = 2 + 13. Suppose 31 = h*l - 14. What is the highest common factor of 99 and l?
9
Suppose f - 13 = -4*d + 14, 39 = 4*d + 5*f. Let c be 224/(-10) + d/15. Let m = 42 + c. Calculate the greatest common divisor of m and 120.
20
Suppose -2*r + 31 = 7. What is the highest common factor of r and 60?
12
Let g be 198/10 - (-8)/40. What is the greatest common divisor of g and 16?
4
Let t = 10 - -8. Calculate the greatest common divisor of t and 45.
9
Suppose 3*b - 55 = 38. What is the highest common divisor of 62 and b?
31
Let n(d) = d**2 + 2. Let s be n(-2). Suppose 4*p = -3*u + 6, 4*u - 7 = -p + 1. Suppose 0*b - 3*b + 198 = p. What is the highest common factor of b and s?
6
Suppose 0*l + 5*w = 2*l + 19, 0 = l + 2*w - 4. Let m = 2 + l. Suppose m = -2*z + 11 + 1. Calculate the greatest common factor of z and 6.
6
Let h be (-10)/30 - (-8)/(-3). Let s = 307 - 22. Let l be (2/h)/((-10)/s). Calculate the greatest common divisor of 95 and l.
19
Suppose -5*m + 38 + 42 = 0. Let i(h) = -36*h + 4. Let p be i(-3). What is the highest common factor of m and p?
16
Let i be -2 - -150 - (1 + 3). Calculate the highest common factor of 18 and i.
18
Suppose -4*o + 3*r + 15 = 560, r + 412 = -3*o. Let d be o/(-9) - 2/9. Let g = 40 - 10. What is the greatest common divisor of g and d?
15
Let z = 393 - 225. Calculate the highest common divisor of 21 and z.
21
Suppose -5*s + 75 = -2*s. What is the greatest common factor of s and 25?
25
Let t(q) = 36*q**3 - 3*q + 1. Let v be t(2). Let w = v + -104. Suppose 29 = -5*m + w. Calculate the greatest common factor of 45 and m.
15
Let w be ((-1*8)/(-1))/2. Let k(n) = n - 1. Let q be k(w). Let a be 68 + (-3)/q - 1. What is the highest common factor of 11 and a?
11
Let p be 2 - (1 - -1) - -5. Let y(g) = g**2 - 6*g + 4. Let m be y(3). Let f = p - m. Calculate the highest common factor of 20 and f.
10
Suppose 2*g + 307 = 4*d - 121, 5*g - 334 = -3*d. Calculate the highest common divisor of d and 24.
12
Suppose -4*i + 119 = 35. Suppose -1036 = 7*h - 3*h. Let a = h - -490. Calculate the greatest common divisor of i and a.
21
Let t = 15 + -11. Suppose -2*i + t = 0, -r + 5*i = -0*i + 6. What is the greatest common divisor of 16 and r?
4
Let o(l) = 14*l + 1. Let y be o(1). Let n(r) = 32*r**2 - 13*r - 19. Let j be n(-2). What is the highest common factor of y and j?
15
Let p = 50 - 33. Calculate the greatest common divisor of 136 and p.
17
Let r(w) be the second derivative of 4*w - 2*w**2 - 2/3*w**3 + 0. Let n be r(-11). What is the greatest common divisor of 5 and n?
5
Let r(a) = 4*a - 4. Let w be r(3). Suppose 0 = 3*q - w*q + k + 66, 0 = 2*k - 8. Suppose -4*z - 28 = -6*z. What is the greatest common factor of z and q?
14
Let f(k) = k**3 - 5*k**2 - 4. Let g be f(6). Let r = g + 10. Let w be (-2 + (9 - 0))*2. Calculate the highest common divisor of w and r.
14
Suppose -5*z - 2*o + 289 = 0, 4*z + o - 245 = 4*o. Suppose -5*d = 2*b - 22 - z, b = -d + 18. Calculate the greatest common factor of d and 105.
15
Let t(p) = 57*p**2 + 3*p + 2. Let o be t(-1). What is the greatest common divisor of 8 and o?
8
Let w(f) = -3*f**3 - 16*f**2 - 7*f - 4. Let v be w(-5). Let o(k) = k**3 - k**2 + 4. Let n be o(0). What is the highest common divisor of n and v?
2
Suppose 7*p - 168 = p. What is the highest common divisor of p and 56?
28
Suppose d - 700 = -4*w, -4*w + d - 133 = -841. Let r = w + -76. Let q be 2*15*(-10)/(-30). What is the highest common factor of r and q?
10
Let x(q) = 10*q**2 + 3*q + 3. Let p be x(-3). What is the highest common factor of p and 21?
21
Suppose 5*w - w - 5*n = 416, n = 0. Let t = -38 + w. Let g(y) = 4*y + 2. Let f be g(5). Calculate the highest common divisor of t and f.
22
Let p = 27 + 9. Calculate the highest common factor of 324 and p.
36
Let d = -14 + 1. Let b = d + 18. What is the highest common divisor of b and 45?
5
Let n = 11 + 4. What is the greatest common divisor of n and 30?
15
Let q(g) = g + 1. Let m be q(6). Suppose 4*i = -0*z - 4*z + 4, 3*i + 5*z + 3 = 0. Let a be (2 - 10/i)*-42. Calculate the greatest common divisor of a and m.
7
Let j be (-1 - 93/(-9))*3. Calculate the greatest common divisor of 84 and j.
28
Let l = 16 - -14. Suppose -l = 8*r - 3*r. Let f = r + 15. What is the greatest common divisor of 63 and f?
9
Suppose -l - 1 = 0, -3*j - 3*l - 23 = 2*j. Let u be 1*19*j/(-4). Calculate the highest common factor of u and 19.
19
Suppose 4*y + 15 = 91. What is the greatest common factor of y and 95?
19
Let x = -24 - -40. What is the highest common divisor of x and 2?
2
Let c be 1*7/2*2. Suppose -s - 5*q + 127 = 3*s, 2*q = 2*s - 68. Let i = -12 + s. Calculate the greatest common divisor of c and i.
7
Suppose 0*l - 15 = -5*l. Suppose 3*g = 4*m - 6 - 5, -10 = -3*m + 4*g. Suppose -10 = m*w - l*w. Calculate the highest common factor of 80 and w.
10
Let w be (-294)/18*(1 + 5). Let l = 140 + w. Calculate the highest common divisor of 28 and l.
14
Let s(k) be the first derivative of k**3/3 + k**2/2 + 45*k + 3. Let g be s(0). Calculate the highest common divisor of g and 9.
9
Suppose 5*x - 5*k = 215, -5*x + k + 3*k + 214 = 0. Let i = 658 + -652. Calculate the greatest common divisor of i and x.
6
Let t = -6 - -16. Let y(d) = 4 + d - 2 + 3. Let n be y(0). Calculate the greatest common factor of t and n.
5
Let y be (-344)/(-32) + (0 - (-1)/4). What is the highest common divisor of 11 and y?
11
Suppose v + 0*q - 90 = 2*q, -v - 5*q = 